ppose -5*a + 0*u = -2*u - z, 0 = a - 4*u - 38. Suppose 152*d - 718 - 1106 = 95*d. Calculate the remainder when a is divided by d.
14
Let c = 12260 - 12091. Calculate the remainder when c is divided by 38.
17
Suppose -2*j - v = 36 - 273, 3*v = 5*j - 587. Let z(d) = 2*d**2 - 50*d + 175. What is the remainder when j is divided by z(21)?
6
Let h(l) = 69*l + 792. Calculate the remainder when 228 is divided by h(-11).
30
Let q(r) = -4*r**3 + 12*r**2 - 14*r - 8. Calculate the remainder when q(-7) is divided by 19.
17
Suppose -95 = -4*v - 5*o, -155 = 20*v - 25*v + o. Calculate the remainder when 3/4 + (-706)/(-8) is divided by v.
29
Let t = 70 - 119. Let h = 512 + -541. Let b = h - t. Calculate the remainder when 119 is divided by b.
19
Suppose -51*f + 72*f + 357 = 0. Calculate the remainder when 15 is divided by 6/(-51) - 223/f.
2
Suppose 0 = -2*r - 5*j + 861, 3*r - 462 = 2*r + 2*j. What is the remainder when r is divided by 95?
68
Suppose 225 = 3*f - 2*m, -271 = -3*f - 5*m - 67. Calculate the remainder when 254 is divided by f.
35
Let l be 1 + 7/(-4) + (-1938)/8. Let t = l + 336. Calculate the remainder when t is divided by 32.
29
Suppose 6*x - 222 = -2*t, 33*x = 37*x + 32. Suppose -b + 14 + 34 = 0. What is the remainder when t is divided by b?
39
Let v = -13 + 21. Let k = 697 - 697. Suppose k = 2*l + 6, -3*f + 25 = -3*l - 56. Calculate the remainder when f is divided by v.
0
Let o be -18 + (0/((-8)/4))/(-2). Let x be (15 + o)*16/(-3). Calculate the remainder when 68 is divided by x + (5 + -1 - 2).
14
Let m = 25 - 15. Suppose 2*d - 94 + 20 = 0. Suppose -y + 0*y = -d. Calculate the remainder when y is divided by m.
7
Let k = 1357 + -1144. What is the remainder when k is divided by (-1)/(-1*5/215)?
41
Let a = 56 + -10. Suppose -5*v + 5*g + 1236 - 86 = 0, -3*v + 695 = -4*g. What is the remainder when v is divided by a?
41
Suppose 198*t + 44*t - 19280 = t. Calculate the remainder when 132 is divided by t.
52
Let i = 668 - 247. Suppose 417*s - i*s + 196 = 0. Calculate the remainder when 91 is divided by s.
42
Calculate the remainder when 803 is divided by (-1230)/(-21)*(-259)/(-74).
188
Let x(r) = 10*r**2 - 1. Let z be x(1). Let v = 215 - z. Calculate the remainder when v is divided by 23.
22
Suppose -222 = 2*b - 8*b. Suppose -2543 = -19*y - 510. Calculate the remainder when y is divided by b.
33
Suppose -35*f - 88740 = -56*f - 30*f. What is the remainder when f is divided by 435?
0
Let b(i) = i**3 + 2*i - 1. What is the remainder when 498/6308 + (-4782)/(-76) is divided by b(2)?
8
Calculate the remainder when 1173 is divided by 32/24 - ((-8)/3 + 1 + -233).
229
Suppose 3*x = -c + x + 169, 6*c + 5*x = 1049. Let h = -20 + 40. What is the remainder when c is divided by h?
19
Let d(i) = -i**3 - 26*i**2 - 11*i - 160. Calculate the remainder when 1248 is divided by d(-26).
114
Suppose -50*h + 1780 = -46*h. Suppose -135 - h = -5*l. Calculate the remainder when l is divided by 15.
11
Calculate the remainder when 6914 is divided by (-5 - -10)/((-2)/42*(-75)/10).
12
Let m(a) = a - 2. Let u(b) = 6*b - 81. Let n(c) = 3*m(c) + u(c). Calculate the remainder when 51 is divided by n(12).
9
Let j = 180 - 23. Let r = 9 + j. Calculate the remainder when r is divided by 17.
13
Let w = 6610 + -5444. What is the remainder when w is divided by 580?
6
Let v(m) = 7*m - 8. Suppose -2*f + 5*f = 4*z - 298, 5*f - 390 = -5*z. Calculate the remainder when z is divided by v(3).
11
Let o = 227 - 223. Suppose -2*m + 0*p = 2*p - 42, 81 = o*m + p. Suppose 0 = v - 0*v - 37. What is the remainder when v is divided by m?
17
Let r = 4 + 9. Let q = -63 + 67. Calculate the remainder when 1/4 + 1/(q/195) is divided by r.
10
Suppose -2769 = -15*u + 1671. Suppose -p + 9*p = u. Calculate the remainder when 183 is divided by p.
35
Suppose -35*k + 14706 = 94*k. What is the remainder when 482 is divided by k?
26
Suppose 2*b = 3*z + 4, -3*z + 4*z + 8 = 2*b. Suppose 5 - 19 = -z*g. What is the remainder when 31 + -18 + -24 - (-330)/5 is divided by g?
6
Let t = 5624 - 5219. What is the remainder when t is divided by 77?
20
Let j(q) = q**3 + 46*q**2 + 43*q - 79. What is the remainder when 322 is divided by j(-45)?
3
Suppose 2*x = -8, 2*b = -5*x + 3 + 3. Suppose -b*q + 16 = -9*q. Suppose 4*a + q = 20. Calculate the remainder when a is divided by 3.
1
Calculate the remainder when 3*(-2)/(-30) - 402/20*(-1540)/330 is divided by 3/(((-2)/(-2))/2).
4
Suppose 2*h - 7*l - 3146 = -9*l, -h + 1585 = -2*l. Calculate the remainder when 879 is divided by 3 + 2 - h/(-19).
87
Suppose 0 = 30*g - 276 - 1554. What is the remainder when 562 is divided by g?
13
Suppose 2*g - 814 = -3*g - 6*g. Calculate the remainder when 284 is divided by g.
62
Let o(j) = 26*j**3 + 18*j**2 - 59*j - 2. What is the remainder when 2101 is divided by o(3)?
46
Let t = 911 + -606. What is the remainder when t is divided by 59?
10
Let v be (-88)/(-132)*(1 + 2). Suppose -v*h - 308 = -r, 2*r - 6*h - 628 = -8*h. What is the remainder when r is divided by 45?
42
Let l = -22 - -34. Suppose l*v - 15*v = -243. Let y = v - 35. What is the remainder when y is divided by 24?
22
Suppose -2*n + 678 = 4*a, -3*a + 285 = n - 223. Calculate the remainder when 171 is divided by a.
2
Suppose -5*d - k + 58 + 178 = 0, -4*d - 5*k = -172. Suppose 0 = z + 4*l + d, -2*l = -6 - 2. Let p = z - -89. Calculate the remainder when 47 is divided by p.
22
Let t(s) = -65*s - 92. Let q be t(-7). Let f = 410 - q. Calculate the remainder when 232 is divided by f.
44
Let o(s) = -5*s**3 - 191*s**2 + 85*s - 62. What is the remainder when o(-39) is divided by 60?
7
Let u(p) be the third derivative of p**6/120 - p**5/30 + 32*p**3/3 + 4*p**2 + 2*p. Calculate the remainder when u(0) is divided by 3.
1
What is the remainder when 17466 is divided by ((-1)/(-5))/(6/(-33)*21/(-420))?
20
Suppose -17*u = -15*u. Suppose -2*f + 62 = -c - 0*c, u = -c. Suppose 0 = -5*t + 2*b + 53, 3*b + 29 = 3*t - b. What is the remainder when f is divided by t?
9
Suppose -6*v + 12 = -84. What is the remainder when 6/11 - 1484/(-77)*9 is divided by v?
14
What is the remainder when (-31 + 1)*(-2740)/411 is divided by (-202)/(-3) + (-4)/(-6)?
64
Let c(m) = -98 - 18*m + 42 - m**2 - 9. Calculate the remainder when 10 is divided by c(-6).
3
Let w(t) = -2*t**3 + 49*t**2 + 25*t + 12. Suppose 0*d = -2*q + d - 18, 19 = -q + 3*d. Calculate the remainder when (-2)/q - 944/(-28) is divided by w(25).
10
Suppose y = -r + 11, -5*y - 20*r = -22*r - 69. Let u = 52 - 49. Suppose 12 = u*q - 24. What is the remainder when y is divided by q?
1
Let s(h) = -14*h - 25. Let p = 13 + -14. Calculate the remainder when s(-9) is divided by ((33 + 1)*p)/(-2).
16
Calculate the remainder when -9*13/(-117) + 192 is divided by 51.
40
Let f = 54 + -54. Suppose 0 = 4*s - 5*v - 276, -2*s = -f*v - v - 144. Suppose -60 = 7*a - 10*a. Calculate the remainder when s is divided by a.
14
Let n(b) = -36*b + 1913. Calculate the remainder when 104 is divided by n(51).
27
Let x(j) = 12*j - 353. Let q be x(31). Suppose 3*i - 14 = 2*y + q, 38 = 2*i + 4*y. Let a = -50 + 84. Calculate the remainder when a is divided by i.
8
Let p = -33615 + 33875. Calculate the remainder when 546 is divided by p.
26
Let i(b) = -b**2 + 19*b - 18. Let c be (72/10)/(26/65). Let f be i(c). Suppose f = -2*s + 8 + 2. Calculate the remainder when 10 is divided by s.
0
Let x = -62 - -25. Suppose -7*n + 203 = -196. What is the remainder when (x/4)/((-292)/48 - -6) is divided by n?
54
Suppose -252*s = -254*s + 28. Suppose -9*f = -s*f + 290. What is the remainder when f is divided by 34?
24
Suppose -3*y + 24 - 8 = h, -36 = -4*h - 5*y. Suppose 2*f = h*f + 3*i - 79, 0 = i + 5. What is the remainder when f is divided by 11?
3
Let p be 102/(-12)*20/(-2). Suppose z + 80 = p. Let k(d) = d**2 - 5*d + 4. What is the remainder when 14 is divided by k(z)?
2
Let y = 5042 + -5029. What is the remainder when 386 is divided by y?
9
Let q(g) = -17*g**2 + 190*g - 19. What is the remainder when 683 is divided by q(11)?
11
Let q(o) = -10*o + 3. Let n(m) = 10*m - 4. Let h(y) = -2*n(y) - 3*q(y). Let j = -2163 - -2189. What is the remainder when j is divided by h(1)?
8
Let t = 219 - 187. Let j be -3*(-1)/3 - -2. Suppose -j*n - 3*n = -552. Calculate the remainder when n is divided by t.
28
Let m = 230 + -251. What